INSERT INTO user (userId, email, password, name, dob, address, phone, sex, avatar, role) VALUES (103, 'employee75@gmail.com', '$2b$10$ygeNRUg4FGLvzq1tqZlKRO4Av67DKUhe.AyJA7donv.BpRqbvmeYC', 'Trần Diễm Thư', '1999-6-4', 'Xã Đồng Tuyển, Thành phố Lào Cai, Lào Cai', '035 985 4123', 'Nữ', 'https://firebasestorage.googleapis.com/v0/b/job-recommend-web.appspot.com/o/userDocument%2Feee.jpg161db0e0-68ba-43ef-a1d2-c1d0ed6ab8ea?alt=media&token=2a71e042-48ca-49d3-982b-2fb52f13427f', 'EMPLOYEE');

INSERT INTO `employee` (`userId`, `isMarried`) VALUES (103, 1);

INSERT INTO online_profile (userId, jobTitle, profession, currentPosition, desiredPosition, desiredSalary, degree, workAddress, experience, employmentType, careerGoal, skills, view) VALUES (103, 'Giám đốc IT Phần mềm', 'IT Phần mềm', 'Chuyên viên - nhân viên', 'Chuyên gia', 51, 'Cử nhân', 'Tỉnh Quảng Ninh', '1 năm', 'Toàn thời gian cố định', 'Find a rewarding career, Become an expert',' Machine learning, Python, Data Engineer, C++', 24);

INSERT INTO user (userId, email, password, name, dob, address, phone, sex, avatar, role) VALUES (104, 'employee76@gmail.com', '$2b$10$ygeNRUg4FGLvzq1tqZlKRO4Av67DKUhe.AyJA7donv.BpRqbvmeYC', 'Ngô Minh Hải', '2002-1-23', 'Xã Long Toàn, Thị xã Duyên Hải, Trà Vinh', '032 123 8946', 'Nam', 'https://firebasestorage.googleapis.com/v0/b/job-recommend-web.appspot.com/o/userDocument%2Fee1.jpgb1bbed33-14db-4cd1-8b56-9d2dfcb4fefe?alt=media&token=e44705d7-1ef7-41bf-acb4-677e54836c6d', 'EMPLOYEE');

INSERT INTO `employee` (`userId`, `isMarried`) VALUES (104, 1);

INSERT INTO online_profile (userId, jobTitle, profession, currentPosition, desiredPosition, desiredSalary, degree, workAddress, experience, employmentType, careerGoal, skills, view) VALUES (104, 'Giám đốc IT Phần mềm', 'IT Phần mềm', 'Chuyên gia', 'Quản lí nhóm-giám sát', 63, 'Tiến sĩ', 'Thành phố Hồ Chí Minh', 'Trên 5 năm', 'Toàn thời gian cố định', 'Find a rewarding career, Become an expert',' HTML, Boostrap, Tailwind, SQL, NoSQL, C#', 14);

INSERT INTO user (userId, email, password, name, dob, address, phone, sex, avatar, role) VALUES (105, 'employee77@gmail.com', '$2b$10$ygeNRUg4FGLvzq1tqZlKRO4Av67DKUhe.AyJA7donv.BpRqbvmeYC', 'Đỗ Thế Lâm', '1999-8-20', 'Thị trấn Khâm Đức, Huyện Phước Sơn, Quảng Nam', '092 496 1270', 'Nam', 'https://firebasestorage.googleapis.com/v0/b/job-recommend-web.appspot.com/o/userDocument%2Feeeee.jpga77f0657-fbcd-4ab0-92bf-e5ff691bca34?alt=media&token=0b4ab1c7-dea6-4cb9-8f2e-235fb1d9c6f0', 'EMPLOYEE');

INSERT INTO `employee` (`userId`, `isMarried`) VALUES (105, 1);

INSERT INTO online_profile (userId, jobTitle, profession, currentPosition, desiredPosition, desiredSalary, degree, workAddress, experience, employmentType, careerGoal, skills, view) VALUES (105, 'SEO Chăm sóc khách hàng', 'Chăm sóc khách hàng', 'Chuyên gia', 'Quản lí nhóm-giám sát', 33, 'Trung học', 'Thành phố Hồ Chí Minh', '4 năm', 'Toàn thời gian cố định', 'Find a rewarding career, Become an expert',' Collaboration, Decision-making, Leadership, Teamwork', 14);

INSERT INTO user (userId, email, password, name, dob, address, phone, sex, avatar, role) VALUES (106, 'employee78@gmail.com', '$2b$10$ygeNRUg4FGLvzq1tqZlKRO4Av67DKUhe.AyJA7donv.BpRqbvmeYC', 'Hồ Hoàng Nam', '1990-10-26', 'Phường Đồng Kỵ, Thị xã Từ Sơn, Bắc Ninh', '035 985 4123', 'Nam', 'https://firebasestorage.googleapis.com/v0/b/job-recommend-web.appspot.com/o/userDocument%2Feeee.jpg4982ef3a-ecb3-47bb-a6aa-348845fa5119?alt=media&token=028bb4fe-fb43-4c51-b91d-f83ed3028649', 'EMPLOYEE');

INSERT INTO `employee` (`userId`, `isMarried`) VALUES (106, 1);

INSERT INTO online_profile (userId, jobTitle, profession, currentPosition, desiredPosition, desiredSalary, degree, workAddress, experience, employmentType, careerGoal, skills, view) VALUES (106, 'Junior IT Phần mềm', 'IT Phần mềm', 'Chuyên viên - nhân viên', 'Chuyên gia', 30, 'Cao đẳng', 'Thành phố Hải Phòng', '5 năm', 'Toàn thời gian cố định', 'Find a rewarding career, Become an expert',' Machine learning, Python, Data Engineer, C++', 7);

INSERT INTO user (userId, email, password, name, dob, address, phone, sex, avatar, role) VALUES (107, 'employee79@gmail.com', '$2b$10$ygeNRUg4FGLvzq1tqZlKRO4Av67DKUhe.AyJA7donv.BpRqbvmeYC', 'Dương Như Ý', '2002-8-9', 'Phường Đông Vệ, Thành phố Thanh Hóa, Thanh Hóa', '032 123 8946', 'Nữ', 'https://firebasestorage.googleapis.com/v0/b/job-recommend-web.appspot.com/o/userDocument%2Feee.jpg161db0e0-68ba-43ef-a1d2-c1d0ed6ab8ea?alt=media&token=2a71e042-48ca-49d3-982b-2fb52f13427f', 'EMPLOYEE');

INSERT INTO `employee` (`userId`, `isMarried`) VALUES (107, 1);

INSERT INTO online_profile (userId, jobTitle, profession, currentPosition, desiredPosition, desiredSalary, degree, workAddress, experience, employmentType, careerGoal, skills, view) VALUES (107, 'Quản lý cấp cao IT Phần mềm', 'IT Phần mềm', 'Quản lí cấp cao', 'Quản lí cấp cao', 24, 'Cao đẳng', 'Thành phố Hà Nội', '3 năm', 'Toàn thời gian cố định', 'Find a rewarding career, Become an expert',' SQL, Statistics, Python, DevOps', 15);

INSERT INTO user (userId, email, password, name, dob, address, phone, sex, avatar, role) VALUES (108, 'employee80@gmail.com', '$2b$10$ygeNRUg4FGLvzq1tqZlKRO4Av67DKUhe.AyJA7donv.BpRqbvmeYC', 'Trần Công Hiếu', '1995-9-6', 'Xã Nam Phúc, Huyện Nam Đàn, Nghệ An', '092 496 1270', 'Nam', 'https://firebasestorage.googleapis.com/v0/b/job-recommend-web.appspot.com/o/userDocument%2Fee1.jpgb1bbed33-14db-4cd1-8b56-9d2dfcb4fefe?alt=media&token=e44705d7-1ef7-41bf-acb4-677e54836c6d', 'EMPLOYEE');

INSERT INTO `employee` (`userId`, `isMarried`) VALUES (108, 1);

INSERT INTO online_profile (userId, jobTitle, profession, currentPosition, desiredPosition, desiredSalary, degree, workAddress, experience, employmentType, careerGoal, skills, view) VALUES (108, 'Giám đốc Thông tin - Truyền thông - Quảng cáo', 'Thông tin - Truyền thông - Quảng cáo', 'Quản lí nhóm-giám sát', 'Quản lí cấp trung', 40, 'Trung cấp', 'Thành phố Hải Phòng', '3 năm', 'Toàn thời gian cố định', 'Find a rewarding career, Become an expert',' Collaboration, Decision-making, Leadership, Teamwork', 8);

INSERT INTO user (userId, email, password, name, dob, address, phone, sex, avatar, role) VALUES (109, 'employee81@gmail.com', '$2b$10$ygeNRUg4FGLvzq1tqZlKRO4Av67DKUhe.AyJA7donv.BpRqbvmeYC', 'Huỳnh Công Hiếu', '1995-3-1', 'Thị trấn Châu Thành, Huyện Châu Thành, Sóc Trăng', '035 985 4123', 'Nam', 'https://firebasestorage.googleapis.com/v0/b/job-recommend-web.appspot.com/o/userDocument%2Feeeee.jpga77f0657-fbcd-4ab0-92bf-e5ff691bca34?alt=media&token=0b4ab1c7-dea6-4cb9-8f2e-235fb1d9c6f0', 'EMPLOYEE');

INSERT INTO `employee` (`userId`, `isMarried`) VALUES (109, 1);

INSERT INTO online_profile (userId, jobTitle, profession, currentPosition, desiredPosition, desiredSalary, degree, workAddress, experience, employmentType, careerGoal, skills, view) VALUES (109, 'Junior Cơ khí - Ô tô - Tự động hóa', 'Cơ khí - Ô tô - Tự động hóa', 'Cộng tác viên', 'Chuyên viên - nhân viên', 29, 'Trung cấp', 'Thành phố Hồ Chí Minh', '3 năm', 'Toàn thời gian cố định', 'Find a rewarding career, Become an expert',' Collaboration, Decision-making, Leadership, Teamwork', 19);

INSERT INTO user (userId, email, password, name, dob, address, phone, sex, avatar, role) VALUES (110, 'employee82@gmail.com', '$2b$10$ygeNRUg4FGLvzq1tqZlKRO4Av67DKUhe.AyJA7donv.BpRqbvmeYC', 'Hoàng Hữu Tường', '1991-3-16', 'Xã Nghĩa Trung, Huyện Nghĩa Hưng, Nam Định', '032 123 8946', 'Nam', 'https://firebasestorage.googleapis.com/v0/b/job-recommend-web.appspot.com/o/userDocument%2Feeee.jpg4982ef3a-ecb3-47bb-a6aa-348845fa5119?alt=media&token=028bb4fe-fb43-4c51-b91d-f83ed3028649', 'EMPLOYEE');

INSERT INTO `employee` (`userId`, `isMarried`) VALUES (110, 1);

INSERT INTO online_profile (userId, jobTitle, profession, currentPosition, desiredPosition, desiredSalary, degree, workAddress, experience, employmentType, careerGoal, skills, view) VALUES (110, 'Senior IT Phần mềm', 'IT Phần mềm', 'Chuyên gia', 'Quản lí nhóm-giám sát', 27, 'Cao đẳng', 'Thành phố Hồ Chí Minh', '2 năm', 'Toàn thời gian cố định', 'Find a rewarding career, Become an expert',' C++, python, HTML, CSS, ReactJS', 6);

INSERT INTO user (userId, email, password, name, dob, address, phone, sex, avatar, role) VALUES (111, 'employee83@gmail.com', '$2b$10$ygeNRUg4FGLvzq1tqZlKRO4Av67DKUhe.AyJA7donv.BpRqbvmeYC', 'Phùng Bảo Thúy', '1991-4-15', 'Xã Minh Phương, Huyện Tiên Lữ, Hưng Yên', '032 123 8946', 'Nữ', 'https://firebasestorage.googleapis.com/v0/b/job-recommend-web.appspot.com/o/userDocument%2Feee.jpg161db0e0-68ba-43ef-a1d2-c1d0ed6ab8ea?alt=media&token=2a71e042-48ca-49d3-982b-2fb52f13427f', 'EMPLOYEE');

INSERT INTO `employee` (`userId`, `isMarried`) VALUES (111, 1);

INSERT INTO online_profile (userId, jobTitle, profession, currentPosition, desiredPosition, desiredSalary, degree, workAddress, experience, employmentType, careerGoal, skills, view) VALUES (111, 'Quản lý cấp cao IT Phần mềm', 'IT Phần mềm', 'Quản lí cấp trung', 'Quản lí cấp cao', 65, 'Tiến sĩ', 'Tỉnh Quảng Ninh', 'Dưới 1 năm', 'Toàn thời gian cố định', 'Find a rewarding career, Become an expert',' AWS, Google Cloud, Oracle, MongoDB, NodeJS, Java', 25);

INSERT INTO user (userId, email, password, name, dob, address, phone, sex, avatar, role) VALUES (112, 'employee84@gmail.com', '$2b$10$ygeNRUg4FGLvzq1tqZlKRO4Av67DKUhe.AyJA7donv.BpRqbvmeYC', 'Trần Ðức Minh', '2000-2-17', 'Xã Lộc An, Huyện Đất Đỏ, Bà Rịa - Vũng Tàu', '032 123 8946', 'Nam', 'https://firebasestorage.googleapis.com/v0/b/job-recommend-web.appspot.com/o/userDocument%2Fee1.jpgb1bbed33-14db-4cd1-8b56-9d2dfcb4fefe?alt=media&token=e44705d7-1ef7-41bf-acb4-677e54836c6d', 'EMPLOYEE');

INSERT INTO `employee` (`userId`, `isMarried`) VALUES (112, 1);

INSERT INTO online_profile (userId, jobTitle, profession, currentPosition, desiredPosition, desiredSalary, degree, workAddress, experience, employmentType, careerGoal, skills, view) VALUES (112, 'Quản lý cấp cao IT Phần mềm', 'IT Phần mềm', 'Quản lí nhóm-giám sát', 'Quản lí cấp trung', 40, 'Cử nhân', 'Thành phố Đà Nẵng', '3 năm', 'Toàn thời gian cố định', 'Find a rewarding career, Become an expert',' HTML, Boostrap, Tailwind, SQL, NoSQL, C#', 13);

INSERT INTO user (userId, email, password, name, dob, address, phone, sex, avatar, role) VALUES (113, 'employee85@gmail.com', '$2b$10$ygeNRUg4FGLvzq1tqZlKRO4Av67DKUhe.AyJA7donv.BpRqbvmeYC', 'Trịnh Tuấn Sỹ', '1993-10-12', 'Xã Phước Ninh, Huyện Dương Minh Châu, Tây Ninh', '032 123 8946', 'Nam', 'https://firebasestorage.googleapis.com/v0/b/job-recommend-web.appspot.com/o/userDocument%2Feeeee.jpga77f0657-fbcd-4ab0-92bf-e5ff691bca34?alt=media&token=0b4ab1c7-dea6-4cb9-8f2e-235fb1d9c6f0', 'EMPLOYEE');

INSERT INTO `employee` (`userId`, `isMarried`) VALUES (113, 1);

INSERT INTO online_profile (userId, jobTitle, profession, currentPosition, desiredPosition, desiredSalary, degree, workAddress, experience, employmentType, careerGoal, skills, view) VALUES (113, 'Junior Bất động sản', 'Bất động sản', 'Quản lí cấp trung', 'Quản lí cấp cao', 58, 'Cử nhân', 'Thành phố Hải Phòng', 'Trên 5 năm', 'Toàn thời gian cố định', 'Find a rewarding career, Become an expert',' Communication, Integrity, Management', 15);

INSERT INTO user (userId, email, password, name, dob, address, phone, sex, avatar, role) VALUES (114, 'employee86@gmail.com', '$2b$10$ygeNRUg4FGLvzq1tqZlKRO4Av67DKUhe.AyJA7donv.BpRqbvmeYC', 'Đăng Tuấn Trung', '1985-11-16', 'Phường 1, Thị xã Vĩnh Châu, Sóc Trăng', '032 123 8946', 'Nam', 'https://firebasestorage.googleapis.com/v0/b/job-recommend-web.appspot.com/o/userDocument%2Feeee.jpg4982ef3a-ecb3-47bb-a6aa-348845fa5119?alt=media&token=028bb4fe-fb43-4c51-b91d-f83ed3028649', 'EMPLOYEE');

INSERT INTO `employee` (`userId`, `isMarried`) VALUES (114, 1);

INSERT INTO online_profile (userId, jobTitle, profession, currentPosition, desiredPosition, desiredSalary, degree, workAddress, experience, employmentType, careerGoal, skills, view) VALUES (114, 'SEO IT Phần mềm', 'IT Phần mềm', 'Quản lí cấp cao', 'Quản lí cấp cao', 23, 'Thạc sĩ', 'Tỉnh Quảng Ninh', '3 năm', 'Toàn thời gian cố định', 'Find a rewarding career, Become an expert',' C#, NodeJS, HTML, ReactJS, Làm việc nhóm, Git', 16);

INSERT INTO user (userId, email, password, name, dob, address, phone, sex, avatar, role) VALUES (115, 'employee87@gmail.com', '$2b$10$ygeNRUg4FGLvzq1tqZlKRO4Av67DKUhe.AyJA7donv.BpRqbvmeYC', 'Lê Hồng Phương', '1980-5-4', 'Xã Cảm Ân, Huyện Yên Bình, Yên Bái', '032 123 8946', 'Nữ', 'https://firebasestorage.googleapis.com/v0/b/job-recommend-web.appspot.com/o/userDocument%2Feee.jpg161db0e0-68ba-43ef-a1d2-c1d0ed6ab8ea?alt=media&token=2a71e042-48ca-49d3-982b-2fb52f13427f', 'EMPLOYEE');

INSERT INTO `employee` (`userId`, `isMarried`) VALUES (115, 1);

INSERT INTO online_profile (userId, jobTitle, profession, currentPosition, desiredPosition, desiredSalary, degree, workAddress, experience, employmentType, careerGoal, skills, view) VALUES (115, 'Giám đốc Vận tải - Lái xe - Giao nhận', 'Vận tải - Lái xe - Giao nhận', 'Quản lí nhóm-giám sát', 'Quản lí cấp trung', 12, 'Trung học', 'Thành phố Hồ Chí Minh', '1 năm', 'Toàn thời gian cố định', 'Find a rewarding career, Become an expert',' HTML, Boostrap, Tailwind, SQL, NoSQL, C#', 24);

INSERT INTO user (userId, email, password, name, dob, address, phone, sex, avatar, role) VALUES (116, 'employee88@gmail.com', '$2b$10$ygeNRUg4FGLvzq1tqZlKRO4Av67DKUhe.AyJA7donv.BpRqbvmeYC', 'Trần Minh Sơn', '1991-12-9', 'Xã Phước Tân, Huyện Bác Ái, Ninh Thuận', '092 496 1270', 'Nam', 'https://firebasestorage.googleapis.com/v0/b/job-recommend-web.appspot.com/o/userDocument%2Fee1.jpgb1bbed33-14db-4cd1-8b56-9d2dfcb4fefe?alt=media&token=e44705d7-1ef7-41bf-acb4-677e54836c6d', 'EMPLOYEE');

INSERT INTO `employee` (`userId`, `isMarried`) VALUES (116, 1);

INSERT INTO online_profile (userId, jobTitle, profession, currentPosition, desiredPosition, desiredSalary, degree, workAddress, experience, employmentType, careerGoal, skills, view) VALUES (116, 'Quản lý cấp cao Thực tập sinh', 'Thực tập sinh', 'Chuyên gia', 'Quản lí nhóm-giám sát', 43, 'Trung cấp', 'Thành phố Hà Nội', 'Dưới 1 năm', 'Toàn thời gian cố định', 'Find a rewarding career, Become an expert',' Marketing, Decision-making, Creative problem-solving', 18);

INSERT INTO user (userId, email, password, name, dob, address, phone, sex, avatar, role) VALUES (117, 'employee89@gmail.com', '$2b$10$ygeNRUg4FGLvzq1tqZlKRO4Av67DKUhe.AyJA7donv.BpRqbvmeYC', 'Nhâm Từ Ðông', '1990-12-9', 'Xã Phước Tân, Huyện Bác Ái, Ninh Thuận', '035 985 4123', 'Nam', 'https://firebasestorage.googleapis.com/v0/b/job-recommend-web.appspot.com/o/userDocument%2Feeeee.jpga77f0657-fbcd-4ab0-92bf-e5ff691bca34?alt=media&token=0b4ab1c7-dea6-4cb9-8f2e-235fb1d9c6f0', 'EMPLOYEE');

INSERT INTO `employee` (`userId`, `isMarried`) VALUES (117, 1);

INSERT INTO online_profile (userId, jobTitle, profession, currentPosition, desiredPosition, desiredSalary, degree, workAddress, experience, employmentType, careerGoal, skills, view) VALUES (117, 'Junior IT Phần mềm', 'IT Phần mềm', 'Chuyên gia', 'Quản lí nhóm-giám sát', 66, 'Tiến sĩ', 'Thành phố Hà Nội', '2 năm', 'Toàn thời gian cố định', 'Find a rewarding career, Become an expert',' AWS, Google Cloud, Oracle, MongoDB, NodeJS, Java', 12);

INSERT INTO user (userId, email, password, name, dob, address, phone, sex, avatar, role) VALUES (118, 'employee90@gmail.com', '$2b$10$ygeNRUg4FGLvzq1tqZlKRO4Av67DKUhe.AyJA7donv.BpRqbvmeYC', 'Lê Quang Lâm', '1984-12-24', 'Thị trấn Võ Xu, Huyện Đức Linh, Bình Thuận', '032 123 8946', 'Nam', 'https://firebasestorage.googleapis.com/v0/b/job-recommend-web.appspot.com/o/userDocument%2Feeee.jpg4982ef3a-ecb3-47bb-a6aa-348845fa5119?alt=media&token=028bb4fe-fb43-4c51-b91d-f83ed3028649', 'EMPLOYEE');

INSERT INTO `employee` (`userId`, `isMarried`) VALUES (118, 1);

INSERT INTO online_profile (userId, jobTitle, profession, currentPosition, desiredPosition, desiredSalary, degree, workAddress, experience, employmentType, careerGoal, skills, view) VALUES (118, 'Senior Thực tập sinh', 'Thực tập sinh', 'Quản lí cấp trung', 'Quản lí cấp cao', 32, 'Cao đẳng', 'Thành phố Hà Nội', '4 năm', 'Toàn thời gian cố định', 'Find a rewarding career, Become an expert',' Multitasking, Creative problem-solving, Professionalism, Integrity', 9);

INSERT INTO user (userId, email, password, name, dob, address, phone, sex, avatar, role) VALUES (119, 'employee91@gmail.com', '$2b$10$ygeNRUg4FGLvzq1tqZlKRO4Av67DKUhe.AyJA7donv.BpRqbvmeYC', 'Lê Thúy Hạnh', '2000-4-4', 'Xã Mỹ Thái, Huyện Hòn Đất, Kiên Giang', '092 496 1270', 'Nữ', 'https://firebasestorage.googleapis.com/v0/b/job-recommend-web.appspot.com/o/userDocument%2Feee.jpg161db0e0-68ba-43ef-a1d2-c1d0ed6ab8ea?alt=media&token=2a71e042-48ca-49d3-982b-2fb52f13427f', 'EMPLOYEE');

INSERT INTO `employee` (`userId`, `isMarried`) VALUES (119, 1);

INSERT INTO online_profile (userId, jobTitle, profession, currentPosition, desiredPosition, desiredSalary, degree, workAddress, experience, employmentType, careerGoal, skills, view) VALUES (119, 'Senior IT Phần mềm', 'IT Phần mềm', 'Quản lí nhóm-giám sát', 'Quản lí cấp trung', 48, 'Cao đẳng', 'Thành phố Đà Nẵng', '2 năm', 'Toàn thời gian cố định', 'Find a rewarding career, Become an expert',' SQL, Statistics, Python, DevOps', 21);

INSERT INTO user (userId, email, password, name, dob, address, phone, sex, avatar, role) VALUES (120, 'employee92@gmail.com', '$2b$10$ygeNRUg4FGLvzq1tqZlKRO4Av67DKUhe.AyJA7donv.BpRqbvmeYC', 'Trình Minh Khôi', '1996-5-3', 'Xã Mỹ Quý Đông, Huyện Đức Huệ, Long An', '035 985 4123', 'Nam', 'https://firebasestorage.googleapis.com/v0/b/job-recommend-web.appspot.com/o/userDocument%2Fee1.jpgb1bbed33-14db-4cd1-8b56-9d2dfcb4fefe?alt=media&token=e44705d7-1ef7-41bf-acb4-677e54836c6d', 'EMPLOYEE');

INSERT INTO `employee` (`userId`, `isMarried`) VALUES (120, 1);

INSERT INTO online_profile (userId, jobTitle, profession, currentPosition, desiredPosition, desiredSalary, degree, workAddress, experience, employmentType, careerGoal, skills, view) VALUES (120, 'Senior Dệt may - Da giày - Thời trang', 'Dệt may - Da giày - Thời trang', 'Quản lí cấp cao', 'Quản lí cấp cao', 39, 'Cử nhân', 'Thành phố Hải Phòng', '4 năm', 'Toàn thời gian cố định', 'Find a rewarding career, Become an expert',' Collaboration, Decision-making, Leadership, Teamwork', 11);

INSERT INTO user (userId, email, password, name, dob, address, phone, sex, avatar, role) VALUES (121, 'employee93@gmail.com', '$2b$10$ygeNRUg4FGLvzq1tqZlKRO4Av67DKUhe.AyJA7donv.BpRqbvmeYC', 'Lý Thành Ðạt', '2003-3-28', 'Xã Hành Tín Đông, Huyện Nghĩa Hành, Quảng Ngãi', '032 123 8946', 'Nam', 'https://firebasestorage.googleapis.com/v0/b/job-recommend-web.appspot.com/o/userDocument%2Feeeee.jpga77f0657-fbcd-4ab0-92bf-e5ff691bca34?alt=media&token=0b4ab1c7-dea6-4cb9-8f2e-235fb1d9c6f0', 'EMPLOYEE');

INSERT INTO `employee` (`userId`, `isMarried`) VALUES (121, 1);

INSERT INTO online_profile (userId, jobTitle, profession, currentPosition, desiredPosition, desiredSalary, degree, workAddress, experience, employmentType, careerGoal, skills, view) VALUES (121, 'Giám đốc Thực phẩm - Đồ uống', 'Thực phẩm - Đồ uống', 'Chuyên gia', 'Quản lí nhóm-giám sát', 12, 'Thạc sĩ', 'Thành phố Hà Nội', 'Dưới 1 năm', 'Toàn thời gian cố định', 'Find a rewarding career, Become an expert',' HTML, Boostrap, Tailwind, SQL, NoSQL, C#', 7);

INSERT INTO user (userId, email, password, name, dob, address, phone, sex, avatar, role) VALUES (122, 'employee94@gmail.com', '$2b$10$ygeNRUg4FGLvzq1tqZlKRO4Av67DKUhe.AyJA7donv.BpRqbvmeYC', 'Lê Anh Việt', '1982-7-21', 'Xã Hoàng Hanh, Thành phố Hưng Yên, Hưng Yên', '092 496 1270', 'Nam', 'https://firebasestorage.googleapis.com/v0/b/job-recommend-web.appspot.com/o/userDocument%2Feeee.jpg4982ef3a-ecb3-47bb-a6aa-348845fa5119?alt=media&token=028bb4fe-fb43-4c51-b91d-f83ed3028649', 'EMPLOYEE');

INSERT INTO `employee` (`userId`, `isMarried`) VALUES (122, 1);

INSERT INTO online_profile (userId, jobTitle, profession, currentPosition, desiredPosition, desiredSalary, degree, workAddress, experience, employmentType, careerGoal, skills, view) VALUES (122, 'Nhân viên văn phòng IT Phần mềm', 'IT Phần mềm', 'Chuyên gia', 'Quản lí nhóm-giám sát', 58, 'Cử nhân', 'Thành phố Đà Nẵng', '3 năm', 'Toàn thời gian cố định', 'Find a rewarding career, Become an expert',' AWS, Google Cloud, Oracle, MongoDB, NodeJS, Java', 7);

INSERT INTO user (userId, email, password, name, dob, address, phone, sex, avatar, role) VALUES (123, 'employee95@gmail.com', '$2b$10$ygeNRUg4FGLvzq1tqZlKRO4Av67DKUhe.AyJA7donv.BpRqbvmeYC', 'Phạm Quỳnh Vân', '1995-11-9', 'Xã Đồng Tuyển, Thành phố Lào Cai, Lào Cai', '035 985 4123', 'Nữ', 'https://firebasestorage.googleapis.com/v0/b/job-recommend-web.appspot.com/o/userDocument%2Feee.jpg161db0e0-68ba-43ef-a1d2-c1d0ed6ab8ea?alt=media&token=2a71e042-48ca-49d3-982b-2fb52f13427f', 'EMPLOYEE');

INSERT INTO `employee` (`userId`, `isMarried`) VALUES (123, 1);

INSERT INTO online_profile (userId, jobTitle, profession, currentPosition, desiredPosition, desiredSalary, degree, workAddress, experience, employmentType, careerGoal, skills, view) VALUES (123, 'Giám đốc Quản lý tiêu chuẩn và chất lượng', 'Quản lý tiêu chuẩn và chất lượng', 'Chuyên gia', 'Quản lí nhóm-giám sát', 37, 'Tiến sĩ', 'Thành phố Hà Nội', '4 năm', 'Toàn thời gian cố định', 'Find a rewarding career, Become an expert',' Multitasking, Creative problem-solving, Professionalism, Integrity', 6);

INSERT INTO user (userId, email, password, name, dob, address, phone, sex, avatar, role) VALUES (124, 'employee96@gmail.com', '$2b$10$ygeNRUg4FGLvzq1tqZlKRO4Av67DKUhe.AyJA7donv.BpRqbvmeYC', 'Phan Thế Doanh', '1997-1-25', 'Xã Long Toàn, Thị xã Duyên Hải, Trà Vinh', '032 123 8946', 'Nam', 'https://firebasestorage.googleapis.com/v0/b/job-recommend-web.appspot.com/o/userDocument%2Fee1.jpgb1bbed33-14db-4cd1-8b56-9d2dfcb4fefe?alt=media&token=e44705d7-1ef7-41bf-acb4-677e54836c6d', 'EMPLOYEE');

INSERT INTO `employee` (`userId`, `isMarried`) VALUES (124, 1);

INSERT INTO online_profile (userId, jobTitle, profession, currentPosition, desiredPosition, desiredSalary, degree, workAddress, experience, employmentType, careerGoal, skills, view) VALUES (124, 'Giám đốc Chăm sóc khách hàng', 'Chăm sóc khách hàng', 'Chuyên viên - nhân viên', 'Chuyên gia', 57, 'Trung học', 'Thành phố Hà Nội', '3 năm', 'Toàn thời gian cố định', 'Find a rewarding career, Become an expert',' Empathy, Management, Collaboration', 24);

INSERT INTO user (userId, email, password, name, dob, address, phone, sex, avatar, role) VALUES (125, 'employee97@gmail.com', '$2b$10$ygeNRUg4FGLvzq1tqZlKRO4Av67DKUhe.AyJA7donv.BpRqbvmeYC', 'Nguyễn Minh Nghĩa', '2001-7-17', 'Thị trấn Khâm Đức, Huyện Phước Sơn, Quảng Nam', '092 496 1270', 'Nam', 'https://firebasestorage.googleapis.com/v0/b/job-recommend-web.appspot.com/o/userDocument%2Feeeee.jpga77f0657-fbcd-4ab0-92bf-e5ff691bca34?alt=media&token=0b4ab1c7-dea6-4cb9-8f2e-235fb1d9c6f0', 'EMPLOYEE');

INSERT INTO `employee` (`userId`, `isMarried`) VALUES (125, 1);

INSERT INTO online_profile (userId, jobTitle, profession, currentPosition, desiredPosition, desiredSalary, degree, workAddress, experience, employmentType, careerGoal, skills, view) VALUES (125, 'Senior IT Phần mềm', 'IT Phần mềm', 'Cộng tác viên', 'Chuyên viên - nhân viên', 11, 'Cao đẳng', 'Thành phố Đà Nẵng', '2 năm', 'Toàn thời gian cố định', 'Find a rewarding career, Become an expert',' C++, python, HTML, CSS, ReactJS', 15);

INSERT INTO user (userId, email, password, name, dob, address, phone, sex, avatar, role) VALUES (126, 'employee98@gmail.com', '$2b$10$ygeNRUg4FGLvzq1tqZlKRO4Av67DKUhe.AyJA7donv.BpRqbvmeYC', 'Nguyễn Duy Tâm', '1991-10-23', 'Phường Đồng Kỵ, Thị xã Từ Sơn, Bắc Ninh', '035 985 4123', 'Nam', 'https://firebasestorage.googleapis.com/v0/b/job-recommend-web.appspot.com/o/userDocument%2Feeee.jpg4982ef3a-ecb3-47bb-a6aa-348845fa5119?alt=media&token=028bb4fe-fb43-4c51-b91d-f83ed3028649', 'EMPLOYEE');

INSERT INTO `employee` (`userId`, `isMarried`) VALUES (126, 1);

INSERT INTO online_profile (userId, jobTitle, profession, currentPosition, desiredPosition, desiredSalary, degree, workAddress, experience, employmentType, careerGoal, skills, view) VALUES (126, 'Nhân viên văn phòng IT Phần mềm', 'IT Phần mềm', 'Chuyên gia', 'Quản lí nhóm-giám sát', 13, 'Thạc sĩ', 'Thành phố Hồ Chí Minh', 'Trên 5 năm', 'Toàn thời gian cố định', 'Find a rewarding career, Become an expert',' SQL, Statistics, Python, DevOps', 10);

INSERT INTO user (userId, email, password, name, dob, address, phone, sex, avatar, role) VALUES (127, 'employee99@gmail.com', '$2b$10$ygeNRUg4FGLvzq1tqZlKRO4Av67DKUhe.AyJA7donv.BpRqbvmeYC', 'Phạm Hoàng Thư', '2001-2-17', 'Phường Đông Vệ, Thành phố Thanh Hóa, Thanh Hóa', '032 123 8946', 'Nữ', 'https://firebasestorage.googleapis.com/v0/b/job-recommend-web.appspot.com/o/userDocument%2Feee.jpg161db0e0-68ba-43ef-a1d2-c1d0ed6ab8ea?alt=media&token=2a71e042-48ca-49d3-982b-2fb52f13427f', 'EMPLOYEE');

INSERT INTO `employee` (`userId`, `isMarried`) VALUES (127, 1);

INSERT INTO online_profile (userId, jobTitle, profession, currentPosition, desiredPosition, desiredSalary, degree, workAddress, experience, employmentType, careerGoal, skills, view) VALUES (127, 'Quản lý cấp cao IT Phần mềm', 'IT Phần mềm', 'Quản lí cấp cao', 'Quản lí cấp cao', 14, 'Cao đẳng', 'Tỉnh Quảng Ninh', '3 năm', 'Toàn thời gian cố định', 'Find a rewarding career, Become an expert',' SQL, Statistics, Python, DevOps', 8);

INSERT INTO user (userId, email, password, name, dob, address, phone, sex, avatar, role) VALUES (128, 'employee100@gmail.com', '$2b$10$ygeNRUg4FGLvzq1tqZlKRO4Av67DKUhe.AyJA7donv.BpRqbvmeYC', 'Trần Trọng Nhân', '1986-1-28', 'Xã Nam Phúc, Huyện Nam Đàn, Nghệ An', '092 496 1270', 'Nam', 'https://firebasestorage.googleapis.com/v0/b/job-recommend-web.appspot.com/o/userDocument%2Fee1.jpgb1bbed33-14db-4cd1-8b56-9d2dfcb4fefe?alt=media&token=e44705d7-1ef7-41bf-acb4-677e54836c6d', 'EMPLOYEE');

INSERT INTO `employee` (`userId`, `isMarried`) VALUES (128, 1);

INSERT INTO online_profile (userId, jobTitle, profession, currentPosition, desiredPosition, desiredSalary, degree, workAddress, experience, employmentType, careerGoal, skills, view) VALUES (128, 'Junior IT Phần mềm', 'IT Phần mềm', 'Quản lí cấp trung', 'Quản lí cấp cao', 51, 'Trung cấp', 'Thành phố Hồ Chí Minh', 'Trên 5 năm', 'Toàn thời gian cố định', 'Find a rewarding career, Become an expert',' SQL, Statistics, Python, DevOps', 16);

INSERT INTO user (userId, email, password, name, dob, address, phone, sex, avatar, role) VALUES (129, 'employee101@gmail.com', '$2b$10$ygeNRUg4FGLvzq1tqZlKRO4Av67DKUhe.AyJA7donv.BpRqbvmeYC', 'Trần Xuân Trung', '1989-9-3', 'Thị trấn Châu Thành, Huyện Châu Thành, Sóc Trăng', '035 985 4123', 'Nam', 'https://firebasestorage.googleapis.com/v0/b/job-recommend-web.appspot.com/o/userDocument%2Feeeee.jpga77f0657-fbcd-4ab0-92bf-e5ff691bca34?alt=media&token=0b4ab1c7-dea6-4cb9-8f2e-235fb1d9c6f0', 'EMPLOYEE');

INSERT INTO `employee` (`userId`, `isMarried`) VALUES (129, 1);

INSERT INTO online_profile (userId, jobTitle, profession, currentPosition, desiredPosition, desiredSalary, degree, workAddress, experience, employmentType, careerGoal, skills, view) VALUES (129, 'Senior IT Phần mềm', 'IT Phần mềm', 'Quản lí cấp trung', 'Quản lí cấp cao', 10, 'Trung học', 'Tỉnh Quảng Ninh', 'Dưới 1 năm', 'Toàn thời gian cố định', 'Find a rewarding career, Become an expert',' C++, python, HTML, CSS, ReactJS', 11);

INSERT INTO user (userId, email, password, name, dob, address, phone, sex, avatar, role) VALUES (130, 'employee102@gmail.com', '$2b$10$ygeNRUg4FGLvzq1tqZlKRO4Av67DKUhe.AyJA7donv.BpRqbvmeYC', 'Phạm Mạnh Tấn', '1987-10-17', 'Xã Nghĩa Trung, Huyện Nghĩa Hưng, Nam Định', '032 123 8946', 'Nam', 'https://firebasestorage.googleapis.com/v0/b/job-recommend-web.appspot.com/o/userDocument%2Feeee.jpg4982ef3a-ecb3-47bb-a6aa-348845fa5119?alt=media&token=028bb4fe-fb43-4c51-b91d-f83ed3028649', 'EMPLOYEE');

INSERT INTO `employee` (`userId`, `isMarried`) VALUES (130, 1);

INSERT INTO online_profile (userId, jobTitle, profession, currentPosition, desiredPosition, desiredSalary, degree, workAddress, experience, employmentType, careerGoal, skills, view) VALUES (130, 'Nhân viên văn phòng IT Phần mềm', 'IT Phần mềm', 'Chuyên viên - nhân viên', 'Chuyên gia', 42, 'Cao đẳng', 'Thành phố Hải Phòng', 'Dưới 1 năm', 'Toàn thời gian cố định', 'Find a rewarding career, Become an expert',' HTML, Boostrap, Tailwind, SQL, NoSQL, C#', 11);

INSERT INTO user (userId, email, password, name, dob, address, phone, sex, avatar, role) VALUES (131, 'employee103@gmail.com', '$2b$10$ygeNRUg4FGLvzq1tqZlKRO4Av67DKUhe.AyJA7donv.BpRqbvmeYC', 'Trần Diễm Thư', '1990-1-25', 'Xã Minh Phương, Huyện Tiên Lữ, Hưng Yên', '032 123 8946', 'Nữ', 'https://firebasestorage.googleapis.com/v0/b/job-recommend-web.appspot.com/o/userDocument%2Feee.jpg161db0e0-68ba-43ef-a1d2-c1d0ed6ab8ea?alt=media&token=2a71e042-48ca-49d3-982b-2fb52f13427f', 'EMPLOYEE');

INSERT INTO `employee` (`userId`, `isMarried`) VALUES (131, 1);

INSERT INTO online_profile (userId, jobTitle, profession, currentPosition, desiredPosition, desiredSalary, degree, workAddress, experience, employmentType, careerGoal, skills, view) VALUES (131, 'Giám đốc Xuất bản - In ấn', 'Xuất bản - In ấn', 'Quản lí cấp cao', 'Quản lí cấp cao', 12, 'Cao đẳng', 'Tỉnh Quảng Ninh', '5 năm', 'Toàn thời gian cố định', 'Find a rewarding career, Become an expert',' HTML, Boostrap, Tailwind, SQL, NoSQL, C#', 13);

INSERT INTO user (userId, email, password, name, dob, address, phone, sex, avatar, role) VALUES (132, 'employee104@gmail.com', '$2b$10$ygeNRUg4FGLvzq1tqZlKRO4Av67DKUhe.AyJA7donv.BpRqbvmeYC', 'Ngô Minh Hải', '1982-2-10', 'Xã Lộc An, Huyện Đất Đỏ, Bà Rịa - Vũng Tàu', '032 123 8946', 'Nam', 'https://firebasestorage.googleapis.com/v0/b/job-recommend-web.appspot.com/o/userDocument%2Fee1.jpgb1bbed33-14db-4cd1-8b56-9d2dfcb4fefe?alt=media&token=e44705d7-1ef7-41bf-acb4-677e54836c6d', 'EMPLOYEE');

INSERT INTO `employee` (`userId`, `isMarried`) VALUES (132, 1);

INSERT INTO online_profile (userId, jobTitle, profession, currentPosition, desiredPosition, desiredSalary, degree, workAddress, experience, employmentType, careerGoal, skills, view) VALUES (132, 'Quản lý cấp cao IT Phần mềm', 'IT Phần mềm', 'Quản lí cấp trung', 'Quản lí cấp cao', 42, 'Thạc sĩ', 'Thành phố Hải Phòng', '1 năm', 'Toàn thời gian cố định', 'Find a rewarding career, Become an expert',' SQL, Statistics, Python, DevOps', 19);

INSERT INTO user (userId, email, password, name, dob, address, phone, sex, avatar, role) VALUES (133, 'employee105@gmail.com', '$2b$10$ygeNRUg4FGLvzq1tqZlKRO4Av67DKUhe.AyJA7donv.BpRqbvmeYC', 'Đỗ Thế Lâm', '1994-6-26', 'Xã Phước Ninh, Huyện Dương Minh Châu, Tây Ninh', '032 123 8946', 'Nam', 'https://firebasestorage.googleapis.com/v0/b/job-recommend-web.appspot.com/o/userDocument%2Feeeee.jpga77f0657-fbcd-4ab0-92bf-e5ff691bca34?alt=media&token=0b4ab1c7-dea6-4cb9-8f2e-235fb1d9c6f0', 'EMPLOYEE');

INSERT INTO `employee` (`userId`, `isMarried`) VALUES (133, 1);

INSERT INTO online_profile (userId, jobTitle, profession, currentPosition, desiredPosition, desiredSalary, degree, workAddress, experience, employmentType, careerGoal, skills, view) VALUES (133, 'Junior IT Phần mềm', 'IT Phần mềm', 'Chuyên gia', 'Quản lí nhóm-giám sát', 15, 'Trung học', 'Thành phố Hà Nội', '1 năm', 'Toàn thời gian cố định', 'Find a rewarding career, Become an expert',' SQL, Statistics, Python, DevOps', 6);

INSERT INTO user (userId, email, password, name, dob, address, phone, sex, avatar, role) VALUES (134, 'employee106@gmail.com', '$2b$10$ygeNRUg4FGLvzq1tqZlKRO4Av67DKUhe.AyJA7donv.BpRqbvmeYC', 'Hồ Hoàng Nam', '1988-7-24', 'Phường 1, Thị xã Vĩnh Châu, Sóc Trăng', '032 123 8946', 'Nam', 'https://firebasestorage.googleapis.com/v0/b/job-recommend-web.appspot.com/o/userDocument%2Feeee.jpg4982ef3a-ecb3-47bb-a6aa-348845fa5119?alt=media&token=028bb4fe-fb43-4c51-b91d-f83ed3028649', 'EMPLOYEE');

INSERT INTO `employee` (`userId`, `isMarried`) VALUES (134, 1);

INSERT INTO online_profile (userId, jobTitle, profession, currentPosition, desiredPosition, desiredSalary, degree, workAddress, experience, employmentType, careerGoal, skills, view) VALUES (134, 'Giám đốc IT Phần mềm', 'IT Phần mềm', 'Quản lí cấp cao', 'Quản lí cấp cao', 53, 'Tiến sĩ', 'Thành phố Đà Nẵng', 'Dưới 1 năm', 'Toàn thời gian cố định', 'Find a rewarding career, Become an expert',' C#, NodeJS, HTML, ReactJS, Làm việc nhóm, Git', 9);

INSERT INTO user (userId, email, password, name, dob, address, phone, sex, avatar, role) VALUES (135, 'employee107@gmail.com', '$2b$10$ygeNRUg4FGLvzq1tqZlKRO4Av67DKUhe.AyJA7donv.BpRqbvmeYC', 'Dương Như Ý', '1993-2-27', 'Xã Cảm Ân, Huyện Yên Bình, Yên Bái', '032 123 8946', 'Nữ', 'https://firebasestorage.googleapis.com/v0/b/job-recommend-web.appspot.com/o/userDocument%2Feee.jpg161db0e0-68ba-43ef-a1d2-c1d0ed6ab8ea?alt=media&token=2a71e042-48ca-49d3-982b-2fb52f13427f', 'EMPLOYEE');

INSERT INTO `employee` (`userId`, `isMarried`) VALUES (135, 1);

INSERT INTO online_profile (userId, jobTitle, profession, currentPosition, desiredPosition, desiredSalary, degree, workAddress, experience, employmentType, careerGoal, skills, view) VALUES (135, 'Senior IT Phần mềm', 'IT Phần mềm', 'Quản lí cấp cao', 'Quản lí cấp cao', 26, 'Thạc sĩ', 'Thành phố Hải Phòng', '1 năm', 'Toàn thời gian cố định', 'Find a rewarding career, Become an expert',' HTML, Boostrap, Tailwind, SQL, NoSQL, C#', 7);

INSERT INTO user (userId, email, password, name, dob, address, phone, sex, avatar, role) VALUES (136, 'employee108@gmail.com', '$2b$10$ygeNRUg4FGLvzq1tqZlKRO4Av67DKUhe.AyJA7donv.BpRqbvmeYC', 'Trần Công Hiếu', '1992-1-10', 'Xã Phước Tân, Huyện Bác Ái, Ninh Thuận', '092 496 1270', 'Nam', 'https://firebasestorage.googleapis.com/v0/b/job-recommend-web.appspot.com/o/userDocument%2Fee1.jpgb1bbed33-14db-4cd1-8b56-9d2dfcb4fefe?alt=media&token=e44705d7-1ef7-41bf-acb4-677e54836c6d', 'EMPLOYEE');

INSERT INTO `employee` (`userId`, `isMarried`) VALUES (136, 1);

INSERT INTO online_profile (userId, jobTitle, profession, currentPosition, desiredPosition, desiredSalary, degree, workAddress, experience, employmentType, careerGoal, skills, view) VALUES (136, 'Giám đốc Khai thác năng lượng - Khoáng sản - Địa chất', 'Khai thác năng lượng - Khoáng sản - Địa chất', 'Chuyên gia', 'Quản lí nhóm-giám sát', 27, 'Trung học', 'Thành phố Hồ Chí Minh', '3 năm', 'Toàn thời gian cố định', 'Find a rewarding career, Become an expert',' HTML, Boostrap, Tailwind, SQL, NoSQL, C#', 5);

INSERT INTO user (userId, email, password, name, dob, address, phone, sex, avatar, role) VALUES (137, 'employee109@gmail.com', '$2b$10$ygeNRUg4FGLvzq1tqZlKRO4Av67DKUhe.AyJA7donv.BpRqbvmeYC', 'Huỳnh Công Hiếu', '1993-2-5', 'Xã Phước Tân, Huyện Bác Ái, Ninh Thuận', '035 985 4123', 'Nam', 'https://firebasestorage.googleapis.com/v0/b/job-recommend-web.appspot.com/o/userDocument%2Feeeee.jpga77f0657-fbcd-4ab0-92bf-e5ff691bca34?alt=media&token=0b4ab1c7-dea6-4cb9-8f2e-235fb1d9c6f0', 'EMPLOYEE');

INSERT INTO `employee` (`userId`, `isMarried`) VALUES (137, 1);

INSERT INTO online_profile (userId, jobTitle, profession, currentPosition, desiredPosition, desiredSalary, degree, workAddress, experience, employmentType, careerGoal, skills, view) VALUES (137, 'Senior Phi chính phủ - Phi lợi nhuận', 'Phi chính phủ - Phi lợi nhuận', 'Chuyên viên - nhân viên', 'Chuyên gia', 17, 'Trung cấp', 'Tỉnh Quảng Ninh', 'Chưa có kinh nghiệm', 'Toàn thời gian cố định', 'Find a rewarding career, Become an expert',' Communication, Integrity, Management', 5);

INSERT INTO user (userId, email, password, name, dob, address, phone, sex, avatar, role) VALUES (138, 'employee110@gmail.com', '$2b$10$ygeNRUg4FGLvzq1tqZlKRO4Av67DKUhe.AyJA7donv.BpRqbvmeYC', 'Hoàng Hữu Tường', '1985-6-19', 'Thị trấn Võ Xu, Huyện Đức Linh, Bình Thuận', '032 123 8946', 'Nam', 'https://firebasestorage.googleapis.com/v0/b/job-recommend-web.appspot.com/o/userDocument%2Feeee.jpg4982ef3a-ecb3-47bb-a6aa-348845fa5119?alt=media&token=028bb4fe-fb43-4c51-b91d-f83ed3028649', 'EMPLOYEE');

INSERT INTO `employee` (`userId`, `isMarried`) VALUES (138, 1);

INSERT INTO online_profile (userId, jobTitle, profession, currentPosition, desiredPosition, desiredSalary, degree, workAddress, experience, employmentType, careerGoal, skills, view) VALUES (138, 'Nhân viên văn phòng Công nghệ thực phẩm - Dinh dưỡng', 'Công nghệ thực phẩm - Dinh dưỡng', 'Chuyên gia', 'Quản lí nhóm-giám sát', 32, 'Cử nhân', 'Thành phố Hải Phòng', '4 năm', 'Toàn thời gian cố định', 'Find a rewarding career, Become an expert',' HTML, Boostrap, Tailwind, SQL, NoSQL, C#', 6);

INSERT INTO user (userId, email, password, name, dob, address, phone, sex, avatar, role) VALUES (139, 'employee111@gmail.com', '$2b$10$ygeNRUg4FGLvzq1tqZlKRO4Av67DKUhe.AyJA7donv.BpRqbvmeYC', 'Phùng Bảo Thúy', '1984-8-21', 'Xã Mỹ Thái, Huyện Hòn Đất, Kiên Giang', '092 496 1270', 'Nữ', 'https://firebasestorage.googleapis.com/v0/b/job-recommend-web.appspot.com/o/userDocument%2Feee.jpg161db0e0-68ba-43ef-a1d2-c1d0ed6ab8ea?alt=media&token=2a71e042-48ca-49d3-982b-2fb52f13427f', 'EMPLOYEE');

INSERT INTO `employee` (`userId`, `isMarried`) VALUES (139, 1);

INSERT INTO online_profile (userId, jobTitle, profession, currentPosition, desiredPosition, desiredSalary, degree, workAddress, experience, employmentType, careerGoal, skills, view) VALUES (139, 'Junior Thông tin - Truyền thông - Quảng cáo', 'Thông tin - Truyền thông - Quảng cáo', 'Cộng tác viên', 'Chuyên viên - nhân viên', 56, 'Thạc sĩ', 'Thành phố Hà Nội', '5 năm', 'Toàn thời gian cố định', 'Find a rewarding career, Become an expert',' Collaboration, Decision-making, Leadership, Teamwork', 5);

INSERT INTO user (userId, email, password, name, dob, address, phone, sex, avatar, role) VALUES (140, 'employee112@gmail.com', '$2b$10$ygeNRUg4FGLvzq1tqZlKRO4Av67DKUhe.AyJA7donv.BpRqbvmeYC', 'Trần Ðức Minh', '1999-3-17', 'Xã Mỹ Quý Đông, Huyện Đức Huệ, Long An', '035 985 4123', 'Nam', 'https://firebasestorage.googleapis.com/v0/b/job-recommend-web.appspot.com/o/userDocument%2Fee1.jpgb1bbed33-14db-4cd1-8b56-9d2dfcb4fefe?alt=media&token=e44705d7-1ef7-41bf-acb4-677e54836c6d', 'EMPLOYEE');

INSERT INTO `employee` (`userId`, `isMarried`) VALUES (140, 1);

INSERT INTO online_profile (userId, jobTitle, profession, currentPosition, desiredPosition, desiredSalary, degree, workAddress, experience, employmentType, careerGoal, skills, view) VALUES (140, 'Giám đốc Bán hàng - Kinh doanh', 'Bán hàng - Kinh doanh', 'Cộng tác viên', 'Chuyên viên - nhân viên', 45, 'Cao đẳng', 'Thành phố Hải Phòng', '2 năm', 'Toàn thời gian cố định', 'Find a rewarding career, Become an expert',' Collaboration, Decision-making, Leadership, Teamwork', 24);

INSERT INTO user (userId, email, password, name, dob, address, phone, sex, avatar, role) VALUES (141, 'employee113@gmail.com', '$2b$10$ygeNRUg4FGLvzq1tqZlKRO4Av67DKUhe.AyJA7donv.BpRqbvmeYC', 'Trịnh Tuấn Sỹ', '1983-9-6', 'Xã Hành Tín Đông, Huyện Nghĩa Hành, Quảng Ngãi', '032 123 8946', 'Nam', 'https://firebasestorage.googleapis.com/v0/b/job-recommend-web.appspot.com/o/userDocument%2Feeeee.jpga77f0657-fbcd-4ab0-92bf-e5ff691bca34?alt=media&token=0b4ab1c7-dea6-4cb9-8f2e-235fb1d9c6f0', 'EMPLOYEE');

INSERT INTO `employee` (`userId`, `isMarried`) VALUES (141, 1);

INSERT INTO online_profile (userId, jobTitle, profession, currentPosition, desiredPosition, desiredSalary, degree, workAddress, experience, employmentType, careerGoal, skills, view) VALUES (141, 'SEO Bán sỉ - Bán lẻ - Quản lý cửa hàng', 'Bán sỉ - Bán lẻ - Quản lý cửa hàng', 'Quản lí cấp cao', 'Quản lí cấp cao', 65, 'Trung cấp', 'Tỉnh Quảng Ninh', 'Trên 5 năm', 'Toàn thời gian cố định', 'Find a rewarding career, Become an expert',' HTML, Boostrap, Tailwind, SQL, NoSQL, C#', 10);

INSERT INTO user (userId, email, password, name, dob, address, phone, sex, avatar, role) VALUES (142, 'employee114@gmail.com', '$2b$10$ygeNRUg4FGLvzq1tqZlKRO4Av67DKUhe.AyJA7donv.BpRqbvmeYC', 'Đăng Tuấn Trung', '1995-1-18', 'Xã Hoàng Hanh, Thành phố Hưng Yên, Hưng Yên', '092 496 1270', 'Nam', 'https://firebasestorage.googleapis.com/v0/b/job-recommend-web.appspot.com/o/userDocument%2Feeee.jpg4982ef3a-ecb3-47bb-a6aa-348845fa5119?alt=media&token=028bb4fe-fb43-4c51-b91d-f83ed3028649', 'EMPLOYEE');

INSERT INTO `employee` (`userId`, `isMarried`) VALUES (142, 1);

INSERT INTO online_profile (userId, jobTitle, profession, currentPosition, desiredPosition, desiredSalary, degree, workAddress, experience, employmentType, careerGoal, skills, view) VALUES (142, 'Nhân viên văn phòng IT Phần mềm', 'IT Phần mềm', 'Chuyên viên - nhân viên', 'Chuyên gia', 59, 'Tiến sĩ', 'Thành phố Đà Nẵng', 'Trên 5 năm', 'Toàn thời gian cố định', 'Find a rewarding career, Become an expert',' C++, python, HTML, CSS, ReactJS', 18);

INSERT INTO user (userId, email, password, name, dob, address, phone, sex, avatar, role) VALUES (143, 'employee115@gmail.com', '$2b$10$ygeNRUg4FGLvzq1tqZlKRO4Av67DKUhe.AyJA7donv.BpRqbvmeYC', 'Lê Hồng Phương', '1991-6-14', 'Xã Đồng Tuyển, Thành phố Lào Cai, Lào Cai', '035 985 4123', 'Nữ', 'https://firebasestorage.googleapis.com/v0/b/job-recommend-web.appspot.com/o/userDocument%2Feee.jpg161db0e0-68ba-43ef-a1d2-c1d0ed6ab8ea?alt=media&token=2a71e042-48ca-49d3-982b-2fb52f13427f', 'EMPLOYEE');

INSERT INTO `employee` (`userId`, `isMarried`) VALUES (143, 1);

INSERT INTO online_profile (userId, jobTitle, profession, currentPosition, desiredPosition, desiredSalary, degree, workAddress, experience, employmentType, careerGoal, skills, view) VALUES (143, 'SEO Hành chính - Thư ký', 'Hành chính - Thư ký', 'Quản lí nhóm-giám sát', 'Quản lí cấp trung', 43, 'Trung học', 'Thành phố Hà Nội', 'Trên 5 năm', 'Toàn thời gian cố định', 'Find a rewarding career, Become an expert',' Empathy, Management, Collaboration', 17);

INSERT INTO user (userId, email, password, name, dob, address, phone, sex, avatar, role) VALUES (144, 'employee116@gmail.com', '$2b$10$ygeNRUg4FGLvzq1tqZlKRO4Av67DKUhe.AyJA7donv.BpRqbvmeYC', 'Trần Minh Sơn', '2000-10-18', 'Xã Long Toàn, Thị xã Duyên Hải, Trà Vinh', '032 123 8946', 'Nam', 'https://firebasestorage.googleapis.com/v0/b/job-recommend-web.appspot.com/o/userDocument%2Fee1.jpgb1bbed33-14db-4cd1-8b56-9d2dfcb4fefe?alt=media&token=e44705d7-1ef7-41bf-acb4-677e54836c6d', 'EMPLOYEE');

INSERT INTO `employee` (`userId`, `isMarried`) VALUES (144, 1);

INSERT INTO online_profile (userId, jobTitle, profession, currentPosition, desiredPosition, desiredSalary, degree, workAddress, experience, employmentType, careerGoal, skills, view) VALUES (144, 'Quản lý cấp cao IT Phần mềm', 'IT Phần mềm', 'Quản lí nhóm-giám sát', 'Quản lí cấp trung', 31, 'Tiến sĩ', 'Thành phố Hải Phòng', 'Chưa có kinh nghiệm', 'Toàn thời gian cố định', 'Find a rewarding career, Become an expert',' SQL, Statistics, Python, DevOps', 11);

INSERT INTO user (userId, email, password, name, dob, address, phone, sex, avatar, role) VALUES (145, 'employee117@gmail.com', '$2b$10$ygeNRUg4FGLvzq1tqZlKRO4Av67DKUhe.AyJA7donv.BpRqbvmeYC', 'Nhâm Từ Ðông', '2001-7-22', 'Thị trấn Khâm Đức, Huyện Phước Sơn, Quảng Nam', '092 496 1270', 'Nam', 'https://firebasestorage.googleapis.com/v0/b/job-recommend-web.appspot.com/o/userDocument%2Feeeee.jpga77f0657-fbcd-4ab0-92bf-e5ff691bca34?alt=media&token=0b4ab1c7-dea6-4cb9-8f2e-235fb1d9c6f0', 'EMPLOYEE');

INSERT INTO `employee` (`userId`, `isMarried`) VALUES (145, 1);

INSERT INTO online_profile (userId, jobTitle, profession, currentPosition, desiredPosition, desiredSalary, degree, workAddress, experience, employmentType, careerGoal, skills, view) VALUES (145, 'Quản lý cấp cao IT Phần mềm', 'IT Phần mềm', 'Quản lí nhóm-giám sát', 'Quản lí cấp trung', 38, 'Tiến sĩ', 'Thành phố Đà Nẵng', '1 năm', 'Toàn thời gian cố định', 'Find a rewarding career, Become an expert',' C#, NodeJS, HTML, ReactJS, Làm việc nhóm, Git', 24);

INSERT INTO user (userId, email, password, name, dob, address, phone, sex, avatar, role) VALUES (146, 'employee118@gmail.com', '$2b$10$ygeNRUg4FGLvzq1tqZlKRO4Av67DKUhe.AyJA7donv.BpRqbvmeYC', 'Lê Quang Lâm', '1988-10-27', 'Phường Đồng Kỵ, Thị xã Từ Sơn, Bắc Ninh', '035 985 4123', 'Nam', 'https://firebasestorage.googleapis.com/v0/b/job-recommend-web.appspot.com/o/userDocument%2Feeee.jpg4982ef3a-ecb3-47bb-a6aa-348845fa5119?alt=media&token=028bb4fe-fb43-4c51-b91d-f83ed3028649', 'EMPLOYEE');

INSERT INTO `employee` (`userId`, `isMarried`) VALUES (146, 1);

INSERT INTO online_profile (userId, jobTitle, profession, currentPosition, desiredPosition, desiredSalary, degree, workAddress, experience, employmentType, careerGoal, skills, view) VALUES (146, 'Quản lý cấp cao IT Phần mềm', 'IT Phần mềm', 'Quản lí cấp trung', 'Quản lí cấp cao', 65, 'Thạc sĩ', 'Tỉnh Quảng Ninh', '5 năm', 'Toàn thời gian cố định', 'Find a rewarding career, Become an expert',' AWS, Google Cloud, Oracle, MongoDB, NodeJS, Java', 14);

INSERT INTO user (userId, email, password, name, dob, address, phone, sex, avatar, role) VALUES (147, 'employee119@gmail.com', '$2b$10$ygeNRUg4FGLvzq1tqZlKRO4Av67DKUhe.AyJA7donv.BpRqbvmeYC', 'Lê Thúy Hạnh', '1981-7-19', 'Phường Đông Vệ, Thành phố Thanh Hóa, Thanh Hóa', '032 123 8946', 'Nữ', 'https://firebasestorage.googleapis.com/v0/b/job-recommend-web.appspot.com/o/userDocument%2Feee.jpg161db0e0-68ba-43ef-a1d2-c1d0ed6ab8ea?alt=media&token=2a71e042-48ca-49d3-982b-2fb52f13427f', 'EMPLOYEE');

INSERT INTO `employee` (`userId`, `isMarried`) VALUES (147, 1);

INSERT INTO online_profile (userId, jobTitle, profession, currentPosition, desiredPosition, desiredSalary, degree, workAddress, experience, employmentType, careerGoal, skills, view) VALUES (147, 'SEO IT Phần mềm', 'IT Phần mềm', 'Quản lí cấp trung', 'Quản lí cấp cao', 49, 'Cử nhân', 'Thành phố Hà Nội', 'Trên 5 năm', 'Toàn thời gian cố định', 'Find a rewarding career, Become an expert',' HTML, Boostrap, Tailwind, SQL, NoSQL, C#', 21);
